 5?
-31
1 (base 11) to base 10
1
What is -224 (base 8) in base 2?
-10010100
What is 3 (base 7) in base 10?
3
Convert bc (base 16) to base 12.
138
Convert 91 (base 15) to base 5.
1021
What is 3 (base 7) in base 4?
3
Convert 7b (base 16) to base 5.
443
What is 11 (base 5) in base 10?
6
-45 (base 9) to base 15
-2b
What is 12 (base 12) in base 16?
e
9 (base 16) to base 13
9
-5 (base 9) to base 11
-5
What is 5 (base 15) in base 2?
101
411 (base 5) to base 14
78
Convert -1 (base 16) to base 15.
-1
What is -1c (base 14) in base 11?
-24
e (base 15) to base 5
24
Convert -1 (base 15) to base 2.
-1
Convert 100 (base 3) to base 6.
13
Convert 2 (base 8) to base 11.
2
Convert -4 (base 6) to base 8.
-4
What is -21 (base 7) in base 9?
-16
10 (base 6) to base 16
6
What is -aa (base 11) in base 5?
-440
What is -102 (base 5) in base 13?
-21
Convert 4 (base 10) to base 2.
100
-83 (base 12) to base 6
-243
12 (base 4) to base 15
6
Convert -6 (base 13) to base 4.
-12
23 (base 8) to base 15
14
Convert 3 (base 11) to base 8.
3
What is -179 (base 12) in base 11?
-1a6
What is -1 (base 15) in base 4?
-1
Convert 313 (base 4) to base 8.
67
Convert 22122 (base 3) to base 11.
1a2
Convert -14 (base 8) to base 6.
-20
102 (base 3) to base 8
13
Convert -21 (base 4) to base 2.
-1001
-2 (base 8) to base 11
-2
What is 1 (base 15) in base 8?
1
-65 (base 14) to base 13
-6b
201 (base 4) to base 12
29
-31 (base 15) to base 16
-2e
Convert -4 (base 15) to base 4.
-10
What is -50 (base 16) in base 4?
-1100
-112 (base 3) to base 6
-22
-6 (base 14) to base 5
-11
What is -151 (base 9) in base 6?
-331
Convert -34 (base 9) to base 8.
-37
-5 (base 14) to base 5
-10
Convert -11212 (base 3) to base 12.
-ab
Convert 200 (base 3) to base 5.
33
Convert 2 (base 5) to base 9.
2
What is 73 (base 9) in base 2?
1000010
What is 0 (base 14) in base 5?
0
What is 1423 (base 5) in base 2?
11101110
Convert 107 (base 12) to base 7.
304
What is 1 (base 12) in base 16?
1
What is 8 (base 14) in base 16?
8
-2 (base 15) to base 9
-2
be (base 15) to base 3
20122
100001 (base 2) to base 6
53
What is 37 (base 14) in base 16?
31
-23 (base 5) to base 15
-d
-121 (base 10) to base 7
-232
Convert 3 (base 8) to base 13.
3
What is 1b (base 14) in base 3?
221
What is -124 (base 9) in base 16?
-67
312 (base 8) to base 13
127
0 (base 6) to base 2
0
-3 (base 5) to base 2
-11
-10 (base 7) to base 9
-7
Convert 3 (base 11) to base 9.
3
-10 (base 3) to base 13
-3
Convert -3 (base 8) to base 11.
-3
-3 (base 6) to base 13
-3
Convert -4 (base 11) to base 14.
-4
-120 (base 4) to base 7
-33
What is 1 (base 9) in base 4?
1
Convert 6 (base 12) to base 10.
6
What is -22 (base 4) in base 11?
-a
What is 8 (base 16) in base 4?
20
What is -21011 (base 3) in base 6?
-521
What is -3 (base 13) in base 4?
-3
1 (base 2) to base 15
1
-14d (base 14) to base 2
-100001001
-15 (base 10) to base 11
-14
What is -3 (base 9) in base 5?
-3
3 (base 15) to base 12
3
c (base 13) to base 16
c
Convert -11 (base 3) to base 9.
-4
Convert -10 (base 7) to base 14.
-7
13 (base 11) to base 10
14
Convert -7 (base 10) to base 12.
-7
What is c (base 16) in base 12?
10
-1 (base 14) to base 3
-1
20 (base 13) to base 12
22
11 (base 2) to base 6
3
122 (base 3) to base 13
14
5b (base 13) to base 11
6a
Convert -118 (base 15) to base 12.
-188
What is 13 (base 6) in base 11?
9
0 (base 6) to base 10
0
Convert -37 (base 14) to base 5.
-144
Convert -1 (base 16) to base 4.
-1
Convert 20 (base 6) to base 11.
11
116 (base 9) to base 11
88
-130 (base 5) to base 15
-2a
What is 111 (base 2) in base 6?
11
Convert -56 (base 12) to base 6.
-150
What is 146 (base 7) in base 5?
313
What is -3 (base 16) in base 3?
-10
Convert 20 (base 7) to base 5.
24
-4 (base 8) to base 7
-4
Convert 2 (base 4) to base 12.
2
What is -23 (base 5) in base 9?
-14
Convert 0 (base 10) to base 6.
0
-1 (base 4) to base 2
-1
0 (base 2) to base 13
0
Convert 244 (base 5) to base 14.
54
What is 10 (base 15) in base 12?
13
-10011 (base 2) to base 13
-16
What is b7 (base 14) in base 13?
c5
Convert -211 (base 5) to base 16.
-38
What is 17 (base 13) in base 8?
24
What is 11 (base 3) in base 15?
4
Convert 101100 (base 3) to base 9.
340
Convert 9 (base 12) to base 9.
10
a4 (base 12) to base 14
8c
-1b (base 12) to base 8
-27
What is 13 (base 10) in base 2?
1101
What is 62 (base 8) in base 14?
38
0 (base 7) to base 2
0
What is -25 (base 8) in base 5?
-41
Convert 170 (base 11) to base 2.
11000110
What is 17 (base 12) in base 6?
31
What is -4 (base 8) in base 10?
-4
Convert -2 (base 7) to base 4.
-2
What is 4 (base 16) in base 14?
4
What is -1 (base 11) in base 3?
-1
What is 3 (base 16) in base 11?
3
Convert -3 (base 4) to base 14.
-3
What is -56 (base 13) in base 11?
-65
44 (base 10) to base 2
101100
104 (base 5) to base 9
32
Convert 0 (base 9) to base 16.
0
Convert -12 (base 4) to base 13.
-6
-10 (base 5) to base 6
-5
2 (base 14) to base 4
2
20 (base 5) to base 12
a
33 (base 11) to base 15
26
Convert 27 (base 13) to base 11.
30
-34 (base 5) to base 6
-31
3 (base 8) to base 14
3
Convert -10 (base 5) to base 2.
-101
a (base 13) to base 11
a
433 (base 5) to base 2
1110110
What is -16 (base 10) in base 3?
-121
11 (base 2) to base 16
3
What is -8 (base 11) in base 10?
-8
What is 155 (base 12) in base 14?
10d
What is 103 (base 5) in base 2?
11100
91 (base 10) to base 7
160
Convert 5 (base 16) to base 3.
12
-11 (base 4) to base 14
-5
4 (base 5) to base 8
4
Convert -2 (base 15) to base 6.
-2
Convert -15 (base 8) to base 13.
-10
Convert -1 (base 16) to base 11.
-1
Convert 403 (base 5) to base 16.
67
Convert 43 (base 7) to base 15.
21
2 (base 3) to base 16
2
What is 1 (base 2) in base 11?
1
-14 (base 5) to base 7
-12
1 (base 6) to base 13
1
What is 20 (base 16) in base 7?
44
Convert -12 (base 7) to base 10.
-9
Convert -2 (base 10) to base 14.
-2
Convert -3 (base 7) to base 9.
-3
Convert 2 (base 9) to base 16.
2
-9 (base 14) to base 11
-9
What is 2e (base 16) in base 13?
37
-1000 (base 4) to base 7
-121
Convert 2 (base 9) to base 11.
2
-4 (base 15) to base 7
-4
7 (base 11) to base 13
7
-2 (base 12) to base 5
-2
-1 (base 14) to base 7
-1
-201 (base 5) to base 4
-303
What is -10010010 (base 2) in base 14?
-a6
1011 (base 2) to base 8
13
365 (base 9) to base 10
302
10000 (base 2) to base 12
14
What is 121 (base 4) in base 10?
25
-3 (base 16) to base 5
-3
What is 0 (base 4) in base 11?
0
What is 42 (base 6) in base 12?
22
Convert 2 (base 4) to base 6.
2
101010101 (base 2) to base 6
1325
Convert 3 (base 6) to base 9.
3
What is -12 (base 5) in base 2?
-111
Convert 48 (base 10) to base 14.
36
Convert -2 (base 8) to base 7.
-2
2320 (base 4) to base 13
112
-2d (base 16) to base 15
-30
What is 2 (base 16) in base 4?
2
100 (base 3) to base 7
12
What is -11 (base 5) in base 16?
-6
Convert -4 (base 14) to base 6.
-4
Convert 23 (base 9) to base 8.
25
Convert -1 (base 14) to base 9.
-1
Convert -1121 (base 4) to base 9.
-108
What is 3 (base 5) in base 15?
3
Convert -20 (base 4) to base 9.
-8
Convert 53 (base 6) to base 4.
201
What is 132 (base 5) in base 6?
110
What is 3 (base 16) in base 3?
10
What is 15 (base 11) in base 3?
121
Convert 1010 (base 6) to base 8.
336
What is 10101 (base 2) in base 12?
19
Convert -26 (base 14) to base 6.
-54
Convert -3 (base 4) to base 15.
-3
-1b (base 15) to base 5
-101
What is 9 (base 15) in base 13?
9
What is -7 (base 8) in base 10?
-7
-18 (base 14) to base 5
-42
38 (base 12) to base 9
48
-2 (base 10) to base 5
-2
-10 (base 14) to base 5
-24
Convert 65 (base 7) to base 16.
2f
Convert -24 (base 10) to base 11.
-22
What is 112 (base 12) in base 11?
134
What is -1202 (base 3) in base 16?
-2f
-30 (base 9) to base 14
-1d
What is -131 (base 4) in base 13?
-23
3 (base 5) to base 7
3
What is 38 (base 10) in base 5?
123
3 (base 14) to base 10
3
-8 (base 9) to base 11
-8
What is 2 (base 9) in base 8?
2
3 (base 8) to base 2
11
Convert -4 (base 6) to base 4.
-10
-5f (base 16) to base 15
-65
-3 (base 12) to base 10
-3
-102 (base 4) to base 3
-200
-26 (base 9) to base 5
-44
-1121 (base 3) to base 7
-61
What is -3 (base 14) in base 11?
-3
21 (base 5) to base 13
b
25 (base 6) to base 13
14
What is 34 (base 10) in base 4?
202
Convert 8 (base 11) to base 16.
8
What is 3 (base 5) in base 2?
11
What is 1 (base 2) in base 7?
1
42 (base 6) to